te number?
False
Is 1601365 a prime number?
False
Is 39397 composite?
False
Is 671557 composite?
False
Is 979 prime?
False
Is 8801879 composite?
False
Is 789221 composite?
False
Is 135133 prime?
False
Is 67763 composite?
False
Is 10589 composite?
False
Is 25391 a composite number?
False
Is 17597 a composite number?
False
Is 11863 prime?
True
Is 17713 a prime number?
True
Is 2542519 a prime number?
False
Is 7237 a composite number?
False
Is 201 composite?
True
Is 316571 a composite number?
False
Is 26211 prime?
False
Is 157031 a composite number?
True
Is 7063 prime?
False
Is 494609 prime?
True
Is 13811 prime?
False
Is 5167 a composite number?
False
Is 78053 a composite number?
True
Is 1437 composite?
True
Is 271211 a prime number?
True
Is 87613 prime?
True
Is 29123 prime?
True
Is 31865 a prime number?
False
Is 87317 composite?
False
Is 33247 a composite number?
False
Is 7789 a composite number?
False
Is 48299 composite?
False
Is 19457 a prime number?
True
Is 8497 a prime number?
False
Is 58267 a composite number?
True
Is 11549 a prime number?
True
Is 57317 prime?
False
Is 28319 a prime number?
True
Is 4183 composite?
True
Is 2599 a composite number?
True
Is 11402 prime?
False
Is 19063 a composite number?
True
Is 4516609 a composite number?
True
Is 626981 prime?
False
Is 313241 a composite number?
False
Is 400439 prime?
False
Is 219451 a composite number?
False
Is 1970894 composite?
True
Is 4597 a prime number?
True
Is 16382 prime?
False
Is 2423 a composite number?
False
Is 796303 a prime number?
True
Is 212447 a composite number?
False
Is 1099 a prime number?
False
Is 37819 composite?
True
Is 429493 a prime number?
False
Is 2579 a prime number?
True
Is 13483 composite?
True
Is 121403 a prime number?
True
Is 2579711 a prime number?
True
Is 136049 a composite number?
True
Is 134327 prime?
True
Is 561667 a composite number?
False
Is 99923 a prime number?
True
Is 422 prime?
False
Is 2579 prime?
True
Is 8818 a prime number?
False
Is 5039 composite?
False
Is 3207 a composite number?
True
Is 1097 a prime number?
True
Is 280951 a prime number?
False
Is 662981 a prime number?
False
Is 2490497 composite?
False
Is 633923 a prime number?
True
Is 10589 composite?
False
Is 3487147 composite?
False
Is 381977 a prime number?
True
Is 73417 a prime number?
True
Is 637459 a prime number?
True
Is 328283 prime?
True
Is 1041 prime?
False
Is 53327 composite?
False
Is 30133 a composite number?
False
Is 5371 composite?
True
Is 2767 composite?
False
Is 1901 prime?
True
Is 79003 a composite number?
True
Is 14519 a prime number?
True
Is 3749 prime?
False
Is 221567 a prime number?
True
Is 387137 composite?
False
Is 64873 prime?
False
Is 283687 composite?
False
Is 1860479 a composite number?
False
Is 105991 composite?
True
Is 5893 composite?
True
Is 3263 a composite number?
True
Is 10243 composite?
False
Is 233257 a composite number?
True
Is 759643 a composite number?
True
Is 3389 composite?
False
Is 967627 a composite number?
False
Is 223903 a composite number?
False
Is 29485 a prime number?
False
Is 428083 a composite number?
False
Is 584839 a composite number?
True
Is 108451 a composite number?
True
Is 152597 composite?
False
Is 2579 composite?
False
Is 85411 a prime number?
True
Is 1088849 a composite number?
True
Is 25523 composite?
False
Is 4613 composite?
True
Is 123167 composite?
True
Is 342617 a composite number?
True
Is 23869 a prime number?
True
Is 7633 a prime number?
False
Is 66403 a composite number?
False
Is 122443 prime?
True
Is 208023 composite?
True
Is 68311 prime?
True
Is 19165 composite?
True
Is 10559 a composite number?
False
Is 74581 a prime number?
False
Is 12959 prime?
True
Is 2038771 a prime number?
False
Is 25301 a prime number?
True
Is 145177 a composite number?
False
Is 700319 a composite number?
False
Is 3205 composite?
True
Is 190573 composite?
False
Is 2357 a composite number?
False
Is 14077 composite?
True
Is 35617 a prime number?
True
Is 2155 composite?
True
Is 22313 a composite number?
True
Is 877 a composite number?
False
Is 613549 composite?
False
Is 1801 a composite number?
False
Is 29071 prime?
False
Is 7493 composite?
True
Is 22267 a prime number?
False
Is 6113 a prime number?
True
Is 419827 a composite number?
False
Is 851597 composite?
False
Is 897211 a composite number?
True
Is 59539 a composite number?
False
Is 19519 a composite number?
True
Is 2939 composite?
False
Is 297379 prime?
False
Is 3163 a composite number?
False
Is 255907 a composite number?
False
Is 1439 prime?
True
Is 924459 a composite number?
True
Is 4073 composite?
False
Is 6502 prime?
False
Is 263477 a prime number?
False
Is 299 prime?
False
Is 93001 prime?
True
Is 1793842 a prime number?
False
Is 354623 composite?
True
Is 38593 a prime number?
True
Is 182615 composite?
True
Is 677 a prime number?
True
Is 89363 a prime number?
True
Is 210481 a prime number?
True
Is 349751 a composite number?
True
Is 3371 composite?
False
Is 552677 a prime number?
True
Is 282709 a prime number?
False
Is 675067 composite?
False
Is 11603 prime?
False
Is 41273 a composite number?
True
Is 21205 a prime number?
False
Is 235091 prime?
True
Is 495973 a prime number?
True
Is 11089 prime?
False
Is 99757 prime?
False
Is 567202 a composite number?
True
Is 524497 a prime number?
True
Is 139 prime?
True
Is 20249 prime?
True
Is 838301 prime?
False
Is 42821 composite?
False
Is 6621 prime?
False
Is 1837601 prime?
True
Is 178499 a composite number?
True
Is 56237 prime?
True
Is 110419 a prime number?
True
Is 1897 a prime number?
False
Is 341101 prime?
False
Is 33227 composite?
True
Is 469 a prime number?
False
Is 1198169 a prime number?
False
Is 81581 a prime number?
False
Is 461171 composite?
False
Is 4831 a composite number?
False
Is 1367047 a composite number?
True
Is 191899 a prime number?
True
Is 26903 a composite number?
False
Is 47599 a composite number?
False
Is 166457 a prime number?
True
Is 197339 a prime number?
True
Is 23003 composite?
False
Is 5832883 a composite number?
True
Is 15601 a prime number?
True
Is 2164051 a prime number?
False
Is 558863 composite?
False
Is 13211 a composite number?
True
Is 4385 a prime number?
False
Is 7471 prime?
False
Is 125591 a prime number?
True
Is 109 composite?
False
Is 3041 a composite number?
False
Is 254237 a prime number?
False
Is 80686 composite?
True
Is 54181 a composite number?
False
Is 43171 prime?
False
Is 5317 a composite number?
True
Is 15578 prime?
False
Is 66337 composite?
False
Is 46281 a prime number?
False
Is 269861 composite?
True
Is 810187 a composite number?
True
Is 377603 composite?
True
Is 314077 a composite number?
False
Is 72419 a composite number?
True
Is 25523 a composite number?
False
Is 2101 prime?
False
Is 13021 composite?
True
Is 1073 prime?
False
Is 65279 composite?
True
Is 2459 prime?
True
Is 286367 a composite number?
False
Is 74551 composite?
False
Is 713 composite?
True
Is 228693 prime?
False
Is 53443 a prime number?
False
Is 1160141 a prime number?
True
Is 587 prime?
True
Is 53759 a composite number?
False
Is 158549 composite?
True
Is 9967 a prime number?
True
Is 3377 prime?
False
Is 250253 a prime number?
True
Is 147799 a composite number?
False
Is 18553 a composite number?
False
Is 85361 a composite number?
False
Is 29611 composite?
False
Is 73999 a prime number?
True
Is 27578 composite?
True
Is 25997 composite?
False
Is 36758 a composite number?
True
Is 1298131 a prime number?
True
Is 1414331 a composite number?
False
Is 39791 composite?
False
Is 146563 composite?
False
Is 4907 prime?
False
Is 158189 a prime number?
True
Is 11351 a composite number?
False
Is 22669 composite?
False
Is 245513 prime?
True
Is 11369 composite?
False
Is 147403 composite?
True
Is 4249 composite?
True
Is 7747 a prime number?
False
Is 9917 a composite number?
True
Is 79319 prime?
True
Is 23269 composite?
False
Is 86557 a composite number?
True
Is 41809 composite?
False
Is 337 a prime number?
True
Is 12373 a composite number?
False
Is 771607 a composite number?
False
Is 12689 composite?
False
Is 236669 prime?
False
Is 308755 a composite number?
True
Is 236399 a prime number?
True
Is 899 a prime number?
False
Is 9617 composite?
True
Is 16323 composite?
True
Is 64021 a prime number?
False
Is 135697 composite?
False
Is 7559 prime?
True
Is 46